 the highest common divisor of 3 and 18489.
3
Calculate the highest common factor of 162 and 2994.
6
Calculate the greatest common factor of 960 and 16160.
160
What is the highest common divisor of 11715 and 45085?
355
Calculate the highest common divisor of 15353 and 663.
13
Calculate the greatest common divisor of 128 and 362176.
64
What is the highest common factor of 408 and 1440104?
136
Calculate the highest common factor of 2190 and 6510.
30
What is the highest common divisor of 19492 and 374?
22
What is the highest common divisor of 1076 and 125354?
538
What is the highest common divisor of 5038689 and 3166?
1583
Calculate the greatest common factor of 598 and 10442.
46
Calculate the greatest common factor of 186 and 247101.
93
Calculate the highest common divisor of 1772 and 384081.
443
What is the greatest common divisor of 2709109 and 52?
13
What is the highest common factor of 14457 and 24339?
183
Calculate the greatest common factor of 4404 and 276.
12
What is the highest common divisor of 140 and 145420?
20
Calculate the greatest common divisor of 672 and 840000.
672
Calculate the greatest common divisor of 7686 and 30870.
126
What is the greatest common divisor of 3948 and 36?
12
What is the highest common divisor of 16038 and 324?
162
Calculate the greatest common divisor of 1084827 and 431.
431
Calculate the greatest common factor of 674 and 1213874.
674
Calculate the highest common divisor of 4307 and 5310.
59
What is the highest common divisor of 1 and 4545?
1
What is the greatest common factor of 4288 and 10988?
268
Calculate the highest common divisor of 40 and 48672.
8
Calculate the greatest common divisor of 12350 and 331550.
950
Calculate the greatest common divisor of 10658 and 2336.
146
Calculate the highest common factor of 128604 and 84.
84
Calculate the highest common divisor of 48 and 146704.
16
Calculate the greatest common divisor of 2967 and 575.
23
Calculate the greatest common factor of 85724 and 8.
4
Calculate the highest common factor of 344884 and 2416.
604
What is the greatest common factor of 38 and 427538?
38
Calculate the highest common divisor of 165870 and 190.
190
What is the greatest common divisor of 14 and 2771258?
14
Calculate the greatest common factor of 32 and 13932.
4
What is the greatest common factor of 38 and 1720013?
19
Calculate the greatest common factor of 295434 and 234.
18
Calculate the greatest common divisor of 240 and 7056.
48
Calculate the greatest common divisor of 830322 and 1415.
283
What is the greatest common divisor of 4914 and 21816?
54
What is the highest common factor of 4 and 284?
4
Calculate the highest common divisor of 373 and 8.
1
Calculate the greatest common factor of 314806 and 646.
34
Calculate the highest common factor of 354 and 2269317.
177
What is the greatest common divisor of 833 and 92123?
17
Calculate the greatest common divisor of 4539 and 1581.
51
What is the greatest common factor of 21 and 7233?
3
Calculate the greatest common divisor of 1584 and 33296.
16
What is the greatest common factor of 152 and 153235?
19
Calculate the highest common factor of 11 and 613.
1
What is the highest common factor of 24265 and 23?
23
What is the greatest common factor of 139934 and 255041?
2257
What is the highest common divisor of 232579 and 57?
19
What is the greatest common factor of 16085 and 605?
5
What is the greatest common factor of 100270 and 45?
5
Calculate the greatest common factor of 398 and 83381.
199
What is the greatest common divisor of 94620 and 20418?
498
What is the greatest common factor of 1015 and 4063045?
1015
Calculate the highest common factor of 12 and 8942.
2
What is the greatest common divisor of 637 and 5978?
49
Calculate the greatest common factor of 58576 and 560.
112
What is the greatest common divisor of 184 and 49749?
23
Calculate the highest common divisor of 72 and 6096.
24
What is the greatest common divisor of 381 and 516?
3
What is the greatest common factor of 28 and 1233800?
4
What is the highest common divisor of 15 and 17187?
3
What is the greatest common factor of 1452 and 180532?
484
What is the greatest common factor of 222 and 852?
6
Calculate the highest common divisor of 45238 and 4.
2
Calculate the highest common factor of 801060 and 78.
78
Calculate the greatest common divisor of 117725 and 64600.
425
What is the highest common divisor of 22304 and 1088?
544
Calculate the highest common divisor of 3904 and 149206.
122
Calculate the highest common divisor of 36 and 176508.
36
Calculate the highest common divisor of 490147 and 245.
49
What is the greatest common factor of 916381 and 173?
173
Calculate the greatest common divisor of 11740 and 520.
20
Calculate the highest common divisor of 308 and 56716.
44
Calculate the highest common factor of 2414575 and 17700.
1475
What is the highest common divisor of 958728 and 48?
24
What is the highest common divisor of 394604 and 952?
476
Calculate the greatest common divisor of 1820 and 988.
52
Calculate the highest common divisor of 5203 and 8041.
473
Calculate the greatest common divisor of 10 and 426185.
5
What is the highest common factor of 50 and 305650?
50
What is the greatest common divisor of 470194 and 6058?
466
What is the greatest common factor of 6560 and 43255?
205
Calculate the greatest common divisor of 244 and 1346453.
61
Calculate the greatest common factor of 169852 and 4.
4
What is the highest common factor of 66068 and 664?
332
What is the greatest common factor of 425084 and 44?
44
What is the greatest common factor of 4769 and 4?
1
Calculate the greatest common divisor of 35 and 117005.
35
What is the highest common factor of 2030 and 670?
10
Calculate the highest common divisor of 81065 and 30.
5
What is the greatest common factor of 4209 and 24702?
69
Calculate the highest common factor of 10 and 2596.
2
What is the greatest common factor of 2064 and 1272?
24
What is the greatest common factor of 26 and 144326?
26
Calculate the highest common factor of 23568 and 128.
16
What is the greatest common factor of 1248 and 16094?
26
What is the greatest common divisor of 41145 and 29962?
211
What is the highest common divisor of 6232761 and 918?
459
Calculate the highest common factor of 531 and 29559.
177
Calculate the greatest common factor of 20 and 4805.
5
What is the greatest common divisor of 38442 and 43?
43
Calculate the highest common divisor of 20 and 1660.
20
Calculate the greatest common divisor of 36 and 666.
18
What is the greatest common divisor of 720226 and 26?
26
Calculate the greatest common divisor of 240 and 18510.
30
What is the greatest common divisor of 310 and 3240?
10
What is the highest common factor of 6 and 367116?
6
What is the greatest common factor of 1336 and 515863?
167
Calculate the greatest common divisor of 13527 and 918333.
1503
Calculate the highest common factor of 258984 and 5940.
1188
What is the highest common divisor of 330 and 22110?
330
What is the highest common divisor of 162 and 112806?
54
What is the greatest common factor of 1577 and 913?
83
What is the greatest common divisor of 4209 and 4758?
183
What is the highest common factor of 3520 and 28960?
160
Calculate the greatest common factor of 459130 and 50.
10
What is the highest common divisor of 17 and 903?
1
What is the highest common factor of 69970 and 20?
10
What is the highest common factor of 1547 and 8925?
119
Calculate the greatest common factor of 4641 and 18768.
51
What is the highest common factor of 24539 and 2173?
53
What is the highest common divisor of 5126 and 18640?
466
What is the greatest common factor of 122 and 63074?
122
Calculate the highest common factor of 189574 and 506.
22
What is the highest common divisor of 203200 and 640?
320
Calculate the greatest common divisor of 8250 and 144750.
750
Calculate the greatest common divisor of 56 and 39515.
7
Calculate the highest common factor of 4131 and 85.
17
Calculate the greatest common divisor of 1309761 and 269.
269
Calculate the highest common factor of 56 and 208894.
14
What is the greatest common divisor of 41214 and 6?
6
What is the highest common factor of 16190 and 10?
10
Calculate the highest common divisor of 563680 and 16.
16
Calculate the greatest common divisor of 72 